s the greatest common factor of 2071 and 19?
19
What is the greatest common divisor of 4272 and 219830?
178
What is the highest common divisor of 50 and 58970?
10
Calculate the highest common factor of 55545 and 240.
15
What is the highest common factor of 3668 and 1524316?
524
What is the greatest common factor of 66844 and 408?
68
Calculate the highest common factor of 847 and 313313.
77
Calculate the greatest common factor of 5489589 and 17.
17
What is the highest common factor of 19 and 46341?
19
What is the greatest common divisor of 258 and 444921?
129
What is the highest common factor of 321154 and 3296?
206
Calculate the highest common divisor of 4990 and 65.
5
What is the greatest common divisor of 9342 and 1098896?
346
Calculate the greatest common divisor of 1257 and 4413.
3
What is the greatest common divisor of 6117616 and 16?
16
Calculate the greatest common factor of 1469488 and 58.
58
What is the greatest common factor of 234536 and 418?
38
Calculate the greatest common divisor of 195268 and 4.
4
What is the greatest common factor of 7029 and 727111?
781
What is the highest common divisor of 24246 and 414?
18
What is the highest common factor of 36812 and 2?
2
What is the greatest common factor of 5 and 137405?
5
What is the greatest common factor of 474122 and 138?
46
What is the greatest common divisor of 99 and 186453?
9
What is the greatest common divisor of 7747 and 889?
127
Calculate the highest common factor of 20 and 265796.
4
Calculate the greatest common factor of 246 and 169863.
123
Calculate the greatest common divisor of 24 and 982536.
24
Calculate the highest common divisor of 2299548 and 2556.
852
What is the greatest common divisor of 412568 and 104?
104
What is the greatest common factor of 775 and 45415?
155
Calculate the highest common divisor of 69 and 33419.
23
Calculate the highest common divisor of 84960 and 144.
144
Calculate the highest common divisor of 197437 and 2148.
179
Calculate the greatest common factor of 11119598 and 476.
238
What is the greatest common factor of 95936 and 160?
32
What is the highest common divisor of 984 and 74?
2
Calculate the greatest common factor of 7126 and 138448.
1018
Calculate the greatest common factor of 7 and 4487.
7
Calculate the highest common divisor of 56 and 126524.
4
What is the greatest common divisor of 717442 and 66?
22
Calculate the greatest common divisor of 558 and 249519.
93
What is the highest common divisor of 1850 and 24200?
50
What is the greatest common divisor of 941888 and 128?
64
Calculate the highest common factor of 3800 and 574180.
380
Calculate the greatest common factor of 280 and 634424.
56
Calculate the highest common divisor of 9648 and 8.
8
What is the highest common factor of 20468 and 8?
4
What is the highest common divisor of 28487 and 1464?
61
Calculate the greatest common factor of 9960 and 9.
3
Calculate the highest common factor of 2171 and 138276.
167
What is the greatest common divisor of 464345 and 35?
35
Calculate the highest common divisor of 1700314 and 854.
854
What is the highest common divisor of 4427 and 5359?
233
What is the highest common divisor of 14920 and 4040?
40
What is the greatest common divisor of 15 and 1920?
15
What is the greatest common factor of 208 and 42796?
52
What is the highest common factor of 156184 and 2408?
56
What is the highest common factor of 3732 and 1706768?
1244
Calculate the greatest common divisor of 4 and 134.
2
Calculate the greatest common divisor of 1 and 30703.
1
What is the highest common divisor of 48082 and 12238?
58
What is the highest common factor of 114275 and 12425?
175
What is the highest common factor of 1404 and 99996?
156
Calculate the highest common factor of 6855181 and 191.
191
What is the highest common divisor of 822 and 6665872?
274
Calculate the greatest common factor of 135 and 72945.
45
Calculate the highest common factor of 415 and 9895.
5
Calculate the greatest common factor of 408478 and 163.
163
Calculate the highest common factor of 168 and 318264.
24
What is the highest common divisor of 45212 and 7120?
356
What is the greatest common divisor of 15440 and 240?
80
Calculate the greatest common factor of 756630 and 90.
90
What is the greatest common factor of 41258 and 882?
98
What is the highest common factor of 1067 and 399834?
97
Calculate the greatest common factor of 4 and 99280.
4
What is the greatest common factor of 434 and 32922?
62
Calculate the highest common factor of 94 and 174699.
47
What is the greatest common factor of 29403 and 972?
243
Calculate the highest common factor of 1113 and 1029.
21
Calculate the greatest common divisor of 4 and 9532.
4
Calculate the greatest common divisor of 120 and 969880.
40
Calculate the highest common divisor of 67044 and 733860.
1812
Calculate the greatest common divisor of 12003240 and 10.
10
Calculate the greatest common factor of 3539172 and 26.
26
Calculate the highest common factor of 1606 and 23068.
146
What is the greatest common factor of 539 and 1958?
11
What is the greatest common divisor of 705 and 3731095?
235
Calculate the highest common divisor of 16 and 162096.
16
Calculate the greatest common factor of 875 and 56.
7
What is the greatest common factor of 532 and 1794816?
76
What is the highest common factor of 1415 and 90?
5
Calculate the greatest common divisor of 1716 and 18348.
132
Calculate the highest common factor of 7536 and 13944.
24
What is the highest common divisor of 1340 and 914885?
335
Calculate the highest common divisor of 271755 and 285.
15
What is the highest common divisor of 1455 and 3855?
15
What is the highest common factor of 300 and 528725?
25
What is the highest common factor of 894624 and 32?
32
What is the greatest common divisor of 128895 and 15?
15
What is the highest common divisor of 1362233 and 31?
31
What is the greatest common factor of 1776 and 1567986?
222
What is the highest common factor of 181320 and 216?
24
What is the greatest common divisor of 621163 and 16173?
599
Calculate the greatest common factor of 279 and 29023812.
279
Calculate the greatest common factor of 14340 and 1780.
20
Calculate the greatest common divisor of 231088 and 182.
26
Calculate the greatest common factor of 390200 and 200.
200
Calculate the highest common divisor of 16491 and 69.
69
Calculate the greatest common factor of 29864 and 120.
8
What is the highest common factor of 172395 and 45?
45
What is the greatest common factor of 1674 and 288?
18
Calculate the highest common divisor of 30978989 and 29.
29
Calculate the greatest common divisor of 223675 and 1150.
575
Calculate the highest common factor of 728 and 500318.
182
What is the highest common divisor of 261 and 1333710?
261
What is the highest common divisor of 981719 and 106?
53
What is the highest common divisor of 134380 and 40?
20
What is the greatest common divisor of 28 and 2198098?
14
Calculate the highest common divisor of 155405 and 5.
5
Calculate the greatest common divisor of 250195 and 88.
11
Calculate the highest common divisor of 1550628 and 3420.
684
What is the highest common factor of 28536 and 3444?
492
What is the highest common factor of 1968530 and 10?
10
What is the highest common divisor of 214 and 87847?
107
What is the highest common divisor of 80217 and 189?
27
Calculate the greatest common factor of 69860 and 3780.
140
What is the highest common factor of 43337 and 369?
41
Calculate the highest common factor of 27 and 1284363.
27
Calculate the highest common factor of 2842 and 10266.
58
Calculate the highest common factor of 49819 and 12782.
77
What is the highest common factor of 4606 and 833?
49
What is the greatest common factor of 72722 and 26?
26
What is the greatest common divisor of 2072 and 35816?
296
What is the greatest common divisor of 2661 and 15?
3
What is the highest common factor of 11355 and 1395?
15
What is the highest common factor of 594682 and 44?
22
What is the greatest common divisor of 7978 and 18?
2
Calculate the greatest common factor of 12183 and 25152.
393
What is the highest common divisor of 1320 and 649?
11
What is the highest common factor of 875 and 6839?
7
Calculate the highest common divisor of 1824250 and 750.
250
Calculate the greatest common factor 